3*g**3 - 81*g**2 - 93*g + 504. Give m(28).
252
Let n(u) = -6*u**2 - 2098*u + 14569. Calculate n(7).
-411
Let g(m) = -5*m**2 + 47*m + 156. What is g(0)?
156
Let f(k) = -k**3 + 339*k**2 - 12649*k - 23403. Give f(296).
-19
Let p(x) = 2813*x + 199766. Calculate p(-71).
43
Let b(d) = -d**3 - 19*d**2 - 202*d - 3299. Determine b(-18).
13
Let o(p) = -p**3 + 79*p**2 - p - 720. Calculate o(-3).
21
Let n(l) = 31*l**2 - 79*l - 35. Give n(10).
2275
Let v(g) = 6*g**2 - 92*g - 33. Give v(18).
255
Let v(t) = -778*t**3 + 17894*t**2 - 8*t + 191. Determine v(23).
7
Let f(s) = -2*s**3 - 383*s**2 + 81340*s - 1502. What is f(-319)?
93
Let v(g) = 2*g**3 - 43*g**2 - g - 93. Determine v(14).
-3047
Let x(k) = 6*k**3 + 3737*k**2 - 11240*k + 68. Calculate x(3).
143
Let l(w) = 596*w**2 + 5392*w + 217. What is l(-9)?
-35
Let t(d) = 2*d**3 - 5*d**2 - 8071*d + 16132. Give t(2).
-14
Let l(r) = -17*r**3 - 3*r**2 - 118*r - 441. Determine l(-4).
1071
Let w(b) = -18*b**2 - 63*b + 121. What is w(-5)?
-14
Let r(o) = o**3 + o**2 - 118*o + 482. What is r(10)?
402
Let l(u) = -83562*u - 919178. What is l(-11)?
4
Let x(c) = c**3 - 19*c**2 + 989*c - 23232. Determine x(24).
3384
Let f(r) = -5*r**3 + 252*r**2 - 411*r + 3321. Give f(49).
-11
Let x(t) = -7*t**2 + 105*t + 340. Give x(36).
-4952
Let a(n) = 4*n**2 - 541*n + 18078. Give a(73).
-99
Let t(j) = -j**3 - 7*j**2 + 672*j + 1296. Calculate t(-29).
310
Let z(n) = -n**2 - 16481*n + 148407. What is z(9)?
-3
Let r(w) = -5*w**2 - 998*w + 2285. What is r(-204)?
-2203
Let q(t) = 5*t**2 - 39071*t - 117219. Determine q(-3).
39
Let k(b) = -b**3 - 206*b**2 + 727*b + 20903. Calculate k(-209).
3
Let w(r) = 202*r**3 + 10*r**2 - 94*r + 84. What is w(1)?
202
Let z(g) = -10*g**2 - 7661*g + 23022. Calculate z(3).
-51
Let b(h) = -818*h - 24609. What is b(-30)?
-69
Let c(w) = -990*w - 23732. Determine c(-24).
28
Let q(b) = 22*b**2 + 418*b - 1656. Give q(4).
368
Let n(y) = 93*y + 4190. Determine n(-39).
563
Let k(b) = -540*b + 974. Determine k(3).
-646
Let l(p) = 5*p**3 - 11*p**2 + 42*p - 160. Calculate l(7).
1310
Let k(n) = -n**2 - 74*n - 785. What is k(-74)?
-785
Let l(h) = 809269*h - 5664861. Determine l(7).
22
Let z(b) = 145481*b + 4364422. Determine z(-30).
-8
Let s(j) = -255*j + 13286. Give s(54).
-484
Let z(j) = -17*j**3 + 1374*j**2 + 237*j + 474. Determine z(81).
-12
Let u(c) = 2*c**2 - 103*c - 2112. What is u(-14)?
-278
Let d(j) = -196*j + 103904. Give d(531).
-172
Let h(t) = -2*t**2 - 4*t + 325. What is h(13)?
-65
Let r(z) = -17*z**3 - 13*z**2 - 83*z + 358. Determine r(4).
-1270
Let i(y) = y**2 - 22084*y + 176627. Determine i(8).
19
Let m(j) = -j**3 + 24*j**2 - 57*j + 1347. Determine m(24).
-21
Let p(d) = -54*d**3 + 593*d**2 + 92*d - 879. Calculate p(11).
12
Let u(d) = -7275*d + 43160. Give u(6).
-490
Let x(p) = -19*p**3 + 84*p**2 + 4*p + 9. Calculate x(4).
153
Let n(v) = -v**3 - 183*v**2 - 179*v + 342. Give n(-182).
-204
Let v(n) = 2*n**3 + 74*n**2 - 838*n + 92. What is v(9)?
2
Let i(o) = 2059*o - 8430. Determine i(4).
-194
Let l(c) = -236961*c + 710906. Give l(3).
23
Let l(c) = -2*c**2 - 145*c - 1407. Calculate l(-61).
-4
Let g(u) = 8967*u - 2699076. Give g(301).
-9
Let x(o) = 3*o**2 - 391*o - 251594. Determine x(362).
-4
Let j(n) = -n**2 + 1294*n - 117215. What is j(98)?
-7
Let x(r) = r**3 - 44*r**2 + 184*r + 428. Calculate x(39).
-1
Let n(x) = -232*x + 9661. Calculate n(30).
2701
Let f(c) = c**3 + 8*c**2 - 547*c + 3666. Determine f(12).
-18
Let k(d) = 8530*d + 85295. Give k(-10).
-5
Let o(g) = 554*g + 133167. Give o(-241).
-347
Let q(r) = r**2 + 170*r - 18689. What is q(76)?
7
Let k(j) = -203*j**3 - 30*j**2 + 104*j - 74. Calculate k(1).
-203
Let w(k) = -80*k + 1152. Give w(12).
192
Let g(i) = 12*i**2 + 1003*i - 4998. Calculate g(5).
317
Let i(u) = -u**3 - 231*u**2 + 10522*u - 2120. What is i(-270)?
40
Let d(k) = -47*k**2 - 2354*k + 193. Give d(-50).
393
Let n(g) = -5*g**2 - 2153*g - 175271. Calculate n(-109).
1
Let a(r) = -115*r - 9290. Determine a(-82).
140
Let o(b) = -3*b**2 - 928*b + 1867. Calculate o(2).
-1
Let r(o) = o**3 + 34*o**2 - 56*o - 782. Give r(-35).
-47
Let t(q) = -46*q**3 - 4776*q**2 + 712*q - 12477. Give t(-104).
3
Let r(o) = 914*o + 72604. Give r(-80).
-516
Let k(o) = -176*o**2 + 1035*o - 63. Calculate k(5).
712
Let n(o) = o**2 + 90*o - 5409. Determine n(-128).
-545
Let d(m) = -839*m - 18469. Calculate d(-22).
-11
Let b(g) = 7*g**2 + 1566*g + 776. Give b(-223).
-339
Let i(d) = 1182*d + 670187. Give i(-567).
-7
Let l(j) = 3*j**2 + 590*j + 26298. Give l(-69).
-129
Let w(a) = -276*a**2 + 1689*a - 13. Calculate w(6).
185
Let g(f) = -711*f**3 + 16354*f**2 - 22*f - 17. Give g(23).
6
Let n(w) = 5*w**2 - 127*w + 6. Calculate n(30).
696
Let w(o) = -o**3 + 22991*o**2 - 114926*o - 22. Calculate w(5).
-2
Let u(p) = -195855*p + 783416. Calculate u(4).
-4
Let q(i) = i**2 + 3058*i - 56. Determine q(0).
-56
Let y(d) = d**2 - 556*d - 9128. Give y(-16).
24
Let i(a) = -a**2 + 1605*a - 407344. Determine i(316).
-20
Let s(w) = -2*w**2 - 1752*w - 335555. Give s(-593).
83
Let v(k) = 786*k + 134. Calculate v(-1).
-652
Let q(x) = x**2 + 296*x + 21229. What is q(-127)?
-234
Let f(x) = -39*x**2 + 1362*x + 61. Give f(35).
-44
Let b(k) = -2746*k**2 + 156527*k - 272. Determine b(57).
13
Let f(b) = -37*b - 1633. Determine f(-42).
-79
Let o(i) = 18*i**2 - 8*i - 200. Calculate o(8).
888
Let q(r) = 695283*r - 9038678. Determine q(13).
1
Let p(f) = -3*f**3 + 117*f**2 + 388*f - 439. Calculate p(42).
-19
Let t(n) = 5*n**2 + 37347*n + 112039. What is t(-3)?
43
Let k(d) = -2*d**3 - 44*d**2 + 1537*d - 92. Calculate k(19).
-491
Let f(y) = y**3 - 25*y**2 - 741*y + 207. Calculate f(0).
207
Let n(i) = 2*i**2 - 397*i + 6879. Give n(18).
381
Let b(a) = 41*a**2 - 2615*a - 571. Give b(64).
5
Let t(u) = -13*u**2 + 290*u + 1185. Give t(-4).
-183
Let j(v) = -4*v**3 - 180*v**2 + 3598*v - 84. Give j(-60).
36
Let v(o) = o**2 - 2481*o + 53953. What is v(22)?
-145
Let r(y) = 8*y**3 - 2743*y**2 - 377*y + 11463. What is r(343)?
-199
Let c(a) = a**2 + 3691*a + 1761063. Determine c(-563).
-1
Let q(f) = -2*f**2 - 763*f - 71528. Give q(-216).
-32
Let k(m) = -m**2 - 486*m + 36804. Determine k(65).
989
Let y(q) = q**2 - 42301*q + 36409935. Calculate y(879).
-3
Let k(y) = -27*y**2 + 391*y - 1028. Calculate k(4).
104
Let b(z) = -z**2 + 135*z - 4288. Determine b(95).
-488
Let k(p) = 38*p - 6454. What is k(169)?
-32
Let h(w) = w**3 - 38*w**2 + 712*w - 13074. Calculate h(29).
5
Let p(l) = -2*l**2 + 61*l + 3415. Calculate p(59).
52
Let q(d) = 4*d**3 + 2*d**2 - 60*d - 8. Determine q(-6).
-440
Let q(o) = 8291*o + 60973. What is q(-7)?
2936
Let x(t) = t**2 - 3495*t + 1736. Give x(0).
1736
Let l(z) = z**3 - 39*z**2 - 4580*z - 1253. Calculate l(90).
-353
Let w(h) = 4*h**3 - 149*h**2 + 1383*h - 202. What is w(16)?
166
Let m(b) = 2*b**2 + 277*b + 914. Calculate m(-137).
503
Let d(m) = -1698*m - 151117. Give d(-89).
5
Let s(a) = -a**3 + 58*a**2 - 6*a + 271. Determine s(0).
271
Let c(s) = 121*s**2 + 53*s + 56. Give c(-1).
124
Let a(x) = x**3 - 25*x**2 - 1334*x + 77. Give a(-26).
285
Let u(r) = -25685*r - 513716. Determine u(-20).
-16
Let g(d) = -4*d**3 + 1424*d**2 + 71*d - 25298. Give g(356).
-22
Let m(d) = 79175*d - 554250. Give m(7).
-25
Let g(w) = -w**3 + 1437*w**2 + 14478*w + 86. What is g(-10)?
6
Let p(b) = -2*b**2 - 151*b - 2679. What is p(-44)?
93
Let m(f) = f**3 + 27*f**2 - 9188*f - 6317. Calculate m(-110).
63
Let z(a) = 21*a + 1546. Determine z(-81).
-155
Let s(q) = 11665*q + 3627815. Calculate s(-311).
0
Let o(d) = -d**3 - 3*d**2 - 6935*d - 34709. Determine o(-5).
16
Let k(m) = -2*m**3 + 72*m**2 - 175*m - 953. Give k(33).
-194
Let d(s) = s**2 + 787*s + 120065. Give d(-207).
5
Let t(i) = -6373*i + 955954. What is t(150)?
4
Let x(h) = 7*h**3 + 1829*h**2 + 12982*h + 7113. Calculate x(-254).
1
Let q(w) = -2*w**3 - 414*w**2 - 819*w - 2. Determine q(-2).
-4
Let c(g) = 118059*g - 2715336. Calculate c(23).
21
Let x(q) = -q**3 + 36*q**2 - 2*q - 4034. Calculate x(32).
-2
Let v(h) = 37*h**2 + 6417*h + 265. Calculate v(-173).
-2503
Let j(m) = -m**3 + 278*m**2 - 4418*m - 4966. What is j(261)?
-7
Let a(p) = 4*p**3 - 220*p**2 - 220*p - 180. What is a(56)?
44
Let b(q) = 223*q - 9906. Give b(45).
129
Let r(u) = 175*u - 19081. Give r(100).
-1581
Let w(h) = h**3 + 18*h**2 + 426*h + 8452. Calculate w(-19).
-3